{"id":445,"date":"2025-07-16T05:27:50","date_gmt":"2025-07-16T05:27:50","guid":{"rendered":"https:\/\/theme.loistheme.com\/WP\/CMS\/LT082\/?page_id=445"},"modified":"2026-03-30T19:13:44","modified_gmt":"2026-03-30T19:13:44","slug":"rib-boats","status":"publish","type":"page","link":"https:\/\/navigati.eu\/index.php\/rib-boats\/","title":{"rendered":"RIB boats"},"content":{"rendered":"\t\t<div data-elementor-type=\"wp-page\" data-elementor-id=\"445\" class=\"elementor elementor-445\">\n\t\t\t\t<div class=\"elementor-element elementor-element-b4a30a4 e-flex e-con-boxed e-con e-parent\" data-id=\"b4a30a4\" data-element_type=\"container\" data-e-type=\"container\">\n\t\t\t\t\t<div class=\"e-con-inner\">\n\t\t\t\t<div class=\"elementor-element elementor-element-6248a33 elementor-widget elementor-widget-slider_revolution\" data-id=\"6248a33\" data-element_type=\"widget\" data-e-type=\"widget\" data-widget_type=\"slider_revolution.default\">\n\t\t\t\t\t\t\t<script>window.parent.elementorSelectRevSlider();<\/script>\n\t\t\n\t\t<div class=\"wp-block-themepunch-revslider\"><\/div>\n\n\t\t\t\t\t\t<\/div>\n\t\t\t\t<div class=\"elementor-element elementor-element-107bb85 elementor-widget elementor-widget-spacer\" data-id=\"107bb85\" data-element_type=\"widget\" data-e-type=\"widget\" data-widget_type=\"spacer.default\">\n\t\t\t\t\t\t\t<div class=\"elementor-spacer\">\n\t\t\t<div class=\"elementor-spacer-inner\"><\/div>\n\t\t<\/div>\n\t\t\t\t\t\t<\/div>\n\t\t<div class=\"elementor-element elementor-element-6743bce e-con-full e-flex e-con e-child\" data-id=\"6743bce\" data-element_type=\"container\" data-e-type=\"container\">\n\t\t\t\t<div class=\"elementor-element elementor-element-0669e90 elementor-widget elementor-widget-heading\" data-id=\"0669e90\" data-element_type=\"widget\" data-e-type=\"widget\" data-widget_type=\"heading.default\">\n\t\t\t\t\t<h2 class=\"elementor-heading-title elementor-size-default\">Best boat is a RIB boat <\/h2>\t\t\t\t<\/div>\n\t\t\t\t<\/div>\n\t\t\t\t<div class=\"elementor-element elementor-element-bff7e14 elementor-widget elementor-widget-text-editor\" data-id=\"bff7e14\" data-element_type=\"widget\" data-e-type=\"widget\" data-widget_type=\"text-editor.default\">\n\t\t\t\t\t\t\t\t\t<p>Lorem ipsum dolor sit amet, consectetur adipiscing elit. Ut elit tellus, luctus nec ullamcorper mattis, pulvinar dapibus leo.<\/p>\t\t\t\t\t\t\t\t<\/div>\n\t\t\t\t<div class=\"elementor-element elementor-element-733e80d elementor-widget elementor-widget-ucaddon_overlay_carousel\" data-id=\"733e80d\" data-element_type=\"widget\" data-e-type=\"widget\" data-widget_type=\"ucaddon_overlay_carousel.default\">\n\t\t\t\t<div class=\"elementor-widget-container\">\n\t\t\t\t\t\n<!-- start Overlay Carousel -->\n\t\t<link id='font-awesome-css' href='https:\/\/navigati.eu\/wp-content\/plugins\/unlimited-for-elementor-premium\/assets_libraries\/font-awesome6\/fontawesome-all.min.css' type='text\/css' rel='stylesheet' >\n\t\t<link id='font-awesome-4-shim-css' href='https:\/\/navigati.eu\/wp-content\/plugins\/unlimited-for-elementor-premium\/assets_libraries\/font-awesome6\/fontawesome-v4-shims.min.css' type='text\/css' rel='stylesheet' >\n\t\t<link id='owl-carousel-css' href='https:\/\/navigati.eu\/wp-content\/plugins\/unlimited-for-elementor-premium\/assets_libraries\/owl-carousel-new\/assets\/owl.carousel.css' type='text\/css' rel='stylesheet' >\n\n<style>\/* widget: Overlay Carousel *\/\n\n#uc_overlay_carousel_elementor_733e80d-wrapper{\n  min-height:1px;\n}\n\n#uc_overlay_carousel_elementor_733e80d .ue-item{\n  position:relative;\n  overflow:hidden;\n}\n\n#uc_overlay_carousel_elementor_733e80d .uc_paragraph,\n#uc_overlay_carousel_elementor_733e80d .ue-title, \n#uc_overlay_carousel_elementor_733e80d .ue-btn-wrapper{\n  width:100%;\n}\n\n#uc_overlay_carousel_elementor_733e80d .ue-item-icon-wrapper,\n#uc_overlay_carousel_elementor_733e80d .ue-item-image-wrapper{\n  display: flex;\n}\n\n#uc_overlay_carousel_elementor_733e80d .ue-item-icon\n{\n  line-height:1em;\n  display:inline-flex;\n  justify-content:center;\n  align-items:center;\n  \n}\n\n#uc_overlay_carousel_elementor_733e80d .ue-item-icon svg{\n  height:1em;\n  width:1em;\n}\n\n.uc_overlay_elegant_carousel *{\n\tmargin:0;\n\tpadding:0px;\n\tbox-sizing: border-box;\n}\n\n.uc_overlay_elegant_carousel .uc_elegant_carousel_container_holder{\n\tposition:relative;\n\twidth:100%;\n}\n.uc_overlay_elegant_carousel .uc_elegant_carousel_container_holder .uc_elegant_carousel_placeholder img{\n\twidth:100%;\n    object-fit: cover;\n}\n\n#uc_overlay_carousel_elementor_733e80d .uc_elegant_carousel_placeholder img{\n  aspect-ratio: 1 \/ 1;\n}\n\n#uc_overlay_carousel_elementor_733e80d .uc_elegant_carousel_container_holder .uc_elegant_carousel_content{\n\tposition:absolute;\n\tleft:0px; \n\ttop:0px; \n    right:0px; \n\tbottom:0px; \n\twidth:100%;\t\n\toverflow:hidden;\n    opacity:0;\n    transition:1s;\n}\n\n#uc_overlay_carousel_elementor_733e80d .uc_elegant_carousel_container_holder:hover .uc_elegant_carousel_content{\n  opacity:1;\n}\n\n.uc_overlay_elegant_carousel .uc_elegant_carousel_container_holder .uc_elegant_carousel_content .uc_elegant_content_box{\n\theight:100%;\n    display:flex;\n    align-items:center;\n    justify-content:center;\n    flex-direction:column;\n}\n\n.uc_overlay_elegant_carousel h2{\n\tfont-size:21px;\n}\n\n.uc_overlay_elegant_carousel a.uc_more_btn  {\n\tdisplay:inline-block;\n    text-decoration:none;\n}\n\n#uc_overlay_carousel_elementor_733e80d .owl-dots {\n  overflow:hidden;\n  display:block!important;\n  text-align:center;\n}\n\n#uc_overlay_carousel_elementor_733e80d .owl-dot {\n  border-radius:50%;\n  display:inline-block;\n}\n\n#uc_overlay_carousel_elementor_733e80d .owl-nav .owl-prev,\n#uc_overlay_carousel_elementor_733e80d .owl-nav .owl-next{\n    position:absolute;\n    display:flex;\n  \tjustify-content: center;\n  \talign-items: center;\n    text-align:center;\n}\n\n\t\n\n\n\n<\/style>\n\n<div class=\"uc_overlay_elegant_carousel\" style=\"direction:ltr;\" id=\"uc_overlay_carousel_elementor_733e80d-wrapper\">\n        <div class=\"uc_carousel owl-carousel uc-items-wrapper  \" id=\"uc_overlay_carousel_elementor_733e80d\"  >\n           \t<div class=\"uc_elegant_carousel_container_holder ue-item\">  \n  <div class=\"uc_elegant_carousel_placeholder\"><img decoding=\"async\" src=\"https:\/\/navigati.eu\/wp-content\/uploads\/2026\/03\/WhatsApp-Image-2026-03-21-at-10.06.07-6-768x432.webp\" alt=\"WhatsApp Image 2026-03-21 at 10.06\"><\/div>\n                \n  <div class=\"uc_elegant_carousel_content\">\n   \t<div class=\"uc_elegant_content_box\">\n                      \n            \n      \n      <h2 class=\"ue-title\">RIB Longa <\/h2>      <div class=\"uc_paragraph\">RIB Boat - 8 meters, perfect for daily trips and having fun<\/div>\t\n\n      <div class=\"ue-btn-wrapper\">\n        \t\n\n        \t\n      <\/div><!-- end ue-btn-wrapper -->\n      \n    <\/div><!-- end uc_elegant_content_box -->\n  <\/div><!-- end uc_elegant_carousel_content -->  \n<\/div><!-- end uc_elegant_carousel_container_holder ue-item -->\n<div class=\"uc_elegant_carousel_container_holder ue-item\">  \n  <div class=\"uc_elegant_carousel_placeholder\"><img decoding=\"async\" src=\"https:\/\/navigati.eu\/wp-content\/uploads\/2026\/03\/Slika_aqua_proizvod3-768x519.jpg\" alt=\"Slika_aqua_proizvod3\"><\/div>\n                \n  <div class=\"uc_elegant_carousel_content\">\n   \t<div class=\"uc_elegant_content_box\">\n                      \n            \n      \n      <h2 class=\"ue-title\">RIB San Giorgio <\/h2>      <div class=\"uc_paragraph\">RIB Boat - 9 meters, not even big waves can do something to this boat. <\/div>\t\n\n      <div class=\"ue-btn-wrapper\">\n        \t\n\n        \t\n      <\/div><!-- end ue-btn-wrapper -->\n      \n    <\/div><!-- end uc_elegant_content_box -->\n  <\/div><!-- end uc_elegant_carousel_content -->  \n<\/div><!-- end uc_elegant_carousel_container_holder ue-item -->\n<div class=\"uc_elegant_carousel_container_holder ue-item\">  \n  <div class=\"uc_elegant_carousel_placeholder\"><img decoding=\"async\" src=\"https:\/\/navigati.eu\/wp-content\/uploads\/2025\/07\/trending-im-5.jpg\" alt=\"trending-im-5\"><\/div>\n                \n  <div class=\"uc_elegant_carousel_content\">\n   \t<div class=\"uc_elegant_content_box\">\n                      \n            \n      \n      <h2 class=\"ue-title\">RIB Galiner<\/h2>      <div class=\"uc_paragraph\">RIB boat - 8,3 meters, perfect for sunbathing and laying at the back.<\/div>\t\n\n      <div class=\"ue-btn-wrapper\">\n        \t\n\n        \t\n      <\/div><!-- end ue-btn-wrapper -->\n      \n    <\/div><!-- end uc_elegant_content_box -->\n  <\/div><!-- end uc_elegant_carousel_content -->  \n<\/div><!-- end uc_elegant_carousel_container_holder ue-item -->\n\n        <\/div>\t\n<\/div>\n<!-- end Overlay Carousel -->\t\t\t\t<\/div>\n\t\t\t\t<\/div>\n\t\t\t\t<div class=\"elementor-element elementor-element-626c0fe elementor-widget elementor-widget-heading\" data-id=\"626c0fe\" data-element_type=\"widget\" data-e-type=\"widget\" data-widget_type=\"heading.default\">\n\t\t\t\t\t<h2 class=\"elementor-heading-title elementor-size-default\">RIB Figarola - 8m<\/h2>\t\t\t\t<\/div>\n\t\t\t\t<div class=\"elementor-element elementor-element-d279667 elementor-widget-divider--view-line elementor-widget elementor-widget-divider\" data-id=\"d279667\" data-element_type=\"widget\" data-e-type=\"widget\" data-widget_type=\"divider.default\">\n\t\t\t\t\t\t\t<div class=\"elementor-divider\">\n\t\t\t<span class=\"elementor-divider-separator\">\n\t\t\t\t\t\t<\/span>\n\t\t<\/div>\n\t\t\t\t\t\t<\/div>\n\t\t<div class=\"elementor-element elementor-element-24bff67 e-con-full e-grid e-con e-child\" data-id=\"24bff67\" data-element_type=\"container\" data-e-type=\"container\">\n\t\t\t\t<div class=\"elementor-element elementor-element-685c471 elementor-widget elementor-widget-text-editor\" data-id=\"685c471\" data-element_type=\"widget\" data-e-type=\"widget\" data-widget_type=\"text-editor.default\">\n\t\t\t\t\t\t\t\t\t<p><strong>Capacity:<\/strong> 9 passengers<strong><br \/>Length:<\/strong>\u00a08m<br \/><strong>Width:\u00a0<\/strong>3.0m<br \/><strong>Water capacity:\u00a0<\/strong>100l<strong><br \/>Engine power:<\/strong> 200-250HP<br \/><strong>Fuel tank:<\/strong> 250-400l<\/p>\t\t\t\t\t\t\t\t<\/div>\n\t\t\t\t<div class=\"elementor-element elementor-element-84ccdd4 elementor-widget elementor-widget-image\" data-id=\"84ccdd4\" data-element_type=\"widget\" data-e-type=\"widget\" data-widget_type=\"image.default\">\n\t\t\t\t\t\t\t\t\t\t\t\t\t\t\t<img fetchpriority=\"high\" decoding=\"async\" width=\"1024\" height=\"576\" src=\"https:\/\/navigati.eu\/wp-content\/uploads\/2026\/03\/WhatsApp-Image-2026-03-21-at-10.06.07-3-1024x576.webp\" class=\"attachment-large size-large wp-image-2694\" alt=\"\" srcset=\"https:\/\/navigati.eu\/wp-content\/uploads\/2026\/03\/WhatsApp-Image-2026-03-21-at-10.06.07-3-1024x576.webp 1024w, https:\/\/navigati.eu\/wp-content\/uploads\/2026\/03\/WhatsApp-Image-2026-03-21-at-10.06.07-3-300x169.webp 300w, https:\/\/navigati.eu\/wp-content\/uploads\/2026\/03\/WhatsApp-Image-2026-03-21-at-10.06.07-3-768x432.webp 768w, https:\/\/navigati.eu\/wp-content\/uploads\/2026\/03\/WhatsApp-Image-2026-03-21-at-10.06.07-3-1536x864.webp 1536w, https:\/\/navigati.eu\/wp-content\/uploads\/2026\/03\/WhatsApp-Image-2026-03-21-at-10.06.07-3.webp 1600w\" sizes=\"(max-width: 1024px) 100vw, 1024px\" \/>\t\t\t\t\t\t\t\t\t\t\t\t\t\t\t<\/div>\n\t\t\t\t<div class=\"elementor-element elementor-element-6c952d8 elementor-widget elementor-widget-text-editor\" data-id=\"6c952d8\" data-element_type=\"widget\" data-e-type=\"widget\" data-widget_type=\"text-editor.default\">\n\t\t\t\t\t\t\t\t\t<p>Figarola je sve ono \u0161to zami\u0161lja\u0161 kad pomisli\u0161 na lje-<br \/>to. Sunce, kupanje, smijeh i opu\u0161tanje.<\/p><p>Prostrana je i ugodna, idealna za dru\u017eenje s obitelji ili prijateljima,<br \/>bez \u017eurbe i bez plana \u2014 samo u\u017eivanje.<\/p>\t\t\t\t\t\t\t\t<\/div>\n\t\t\t\t<\/div>\n\t\t\t\t<div class=\"elementor-element elementor-element-c1fdd70 elementor-widget elementor-widget-spacer\" data-id=\"c1fdd70\" data-element_type=\"widget\" data-e-type=\"widget\" data-widget_type=\"spacer.default\">\n\t\t\t\t\t\t\t<div class=\"elementor-spacer\">\n\t\t\t<div class=\"elementor-spacer-inner\"><\/div>\n\t\t<\/div>\n\t\t\t\t\t\t<\/div>\n\t\t<div class=\"elementor-element elementor-element-080f8d0 e-con-full e-flex e-con e-child\" data-id=\"080f8d0\" data-element_type=\"container\" data-e-type=\"container\">\n\t\t\t\t<div class=\"elementor-element elementor-element-18a82ff elementor-widget elementor-widget-image-gallery\" data-id=\"18a82ff\" data-element_type=\"widget\" data-e-type=\"widget\" data-widget_type=\"image-gallery.default\">\n\t\t\t\t\t\t\t<div class=\"elementor-image-gallery\">\n\t\t\t<div id='gallery-1' class='gallery galleryid-445 gallery-columns-6 gallery-size-thumbnail'><figure class='gallery-item'>\n\t\t\t<div class='gallery-icon landscape'>\n\t\t\t\t<a data-elementor-open-lightbox=\"yes\" data-elementor-lightbox-slideshow=\"18a82ff\" data-elementor-lightbox-title=\"WhatsApp Image 2026-03-21 at 10.06.07 (11)\" data-e-action-hash=\"#elementor-action%3Aaction%3Dlightbox%26settings%3DeyJpZCI6MjcwMSwidXJsIjoiaHR0cHM6XC9cL25hdmlnYXRpLmV1XC93cC1jb250ZW50XC91cGxvYWRzXC8yMDI2XC8wM1wvV2hhdHNBcHAtSW1hZ2UtMjAyNi0wMy0yMS1hdC0xMC4wNi4wNy0xMS53ZWJwIiwic2xpZGVzaG93IjoiMThhODJmZiJ9\" href='https:\/\/navigati.eu\/wp-content\/uploads\/2026\/03\/WhatsApp-Image-2026-03-21-at-10.06.07-11.webp'><img decoding=\"async\" width=\"150\" height=\"150\" src=\"https:\/\/navigati.eu\/wp-content\/uploads\/2026\/03\/WhatsApp-Image-2026-03-21-at-10.06.07-11-150x150.webp\" class=\"attachment-thumbnail size-thumbnail\" alt=\"\" \/><\/a>\n\t\t\t<\/div><\/figure><figure class='gallery-item'>\n\t\t\t<div class='gallery-icon landscape'>\n\t\t\t\t<a data-elementor-open-lightbox=\"yes\" data-elementor-lightbox-slideshow=\"18a82ff\" data-elementor-lightbox-title=\"WhatsApp Image 2026-03-21 at 10.06.07 (6)\" data-e-action-hash=\"#elementor-action%3Aaction%3Dlightbox%26settings%3DeyJpZCI6MjY5NywidXJsIjoiaHR0cHM6XC9cL25hdmlnYXRpLmV1XC93cC1jb250ZW50XC91cGxvYWRzXC8yMDI2XC8wM1wvV2hhdHNBcHAtSW1hZ2UtMjAyNi0wMy0yMS1hdC0xMC4wNi4wNy02LndlYnAiLCJzbGlkZXNob3ciOiIxOGE4MmZmIn0%3D\" href='https:\/\/navigati.eu\/wp-content\/uploads\/2026\/03\/WhatsApp-Image-2026-03-21-at-10.06.07-6.webp'><img decoding=\"async\" width=\"150\" height=\"150\" src=\"https:\/\/navigati.eu\/wp-content\/uploads\/2026\/03\/WhatsApp-Image-2026-03-21-at-10.06.07-6-150x150.webp\" class=\"attachment-thumbnail size-thumbnail\" alt=\"\" \/><\/a>\n\t\t\t<\/div><\/figure><figure class='gallery-item'>\n\t\t\t<div class='gallery-icon landscape'>\n\t\t\t\t<a data-elementor-open-lightbox=\"yes\" data-elementor-lightbox-slideshow=\"18a82ff\" data-elementor-lightbox-title=\"WhatsApp Image 2026-03-21 at 10.06.07 (4)\" data-e-action-hash=\"#elementor-action%3Aaction%3Dlightbox%26settings%3DeyJpZCI6MjY5NSwidXJsIjoiaHR0cHM6XC9cL25hdmlnYXRpLmV1XC93cC1jb250ZW50XC91cGxvYWRzXC8yMDI2XC8wM1wvV2hhdHNBcHAtSW1hZ2UtMjAyNi0wMy0yMS1hdC0xMC4wNi4wNy00LndlYnAiLCJzbGlkZXNob3ciOiIxOGE4MmZmIn0%3D\" href='https:\/\/navigati.eu\/wp-content\/uploads\/2026\/03\/WhatsApp-Image-2026-03-21-at-10.06.07-4.webp'><img loading=\"lazy\" decoding=\"async\" width=\"150\" height=\"150\" src=\"https:\/\/navigati.eu\/wp-content\/uploads\/2026\/03\/WhatsApp-Image-2026-03-21-at-10.06.07-4-150x150.webp\" class=\"attachment-thumbnail size-thumbnail\" alt=\"\" \/><\/a>\n\t\t\t<\/div><\/figure><figure class='gallery-item'>\n\t\t\t<div class='gallery-icon landscape'>\n\t\t\t\t<a data-elementor-open-lightbox=\"yes\" data-elementor-lightbox-slideshow=\"18a82ff\" data-elementor-lightbox-title=\"WhatsApp Image 2026-03-21 at 10.06.07 (5)\" data-e-action-hash=\"#elementor-action%3Aaction%3Dlightbox%26settings%3DeyJpZCI6MjY5NiwidXJsIjoiaHR0cHM6XC9cL25hdmlnYXRpLmV1XC93cC1jb250ZW50XC91cGxvYWRzXC8yMDI2XC8wM1wvV2hhdHNBcHAtSW1hZ2UtMjAyNi0wMy0yMS1hdC0xMC4wNi4wNy01LndlYnAiLCJzbGlkZXNob3ciOiIxOGE4MmZmIn0%3D\" href='https:\/\/navigati.eu\/wp-content\/uploads\/2026\/03\/WhatsApp-Image-2026-03-21-at-10.06.07-5.webp'><img loading=\"lazy\" decoding=\"async\" width=\"150\" height=\"150\" src=\"https:\/\/navigati.eu\/wp-content\/uploads\/2026\/03\/WhatsApp-Image-2026-03-21-at-10.06.07-5-150x150.webp\" class=\"attachment-thumbnail size-thumbnail\" alt=\"\" \/><\/a>\n\t\t\t<\/div><\/figure><figure class='gallery-item'>\n\t\t\t<div class='gallery-icon landscape'>\n\t\t\t\t<a data-elementor-open-lightbox=\"yes\" data-elementor-lightbox-slideshow=\"18a82ff\" data-elementor-lightbox-title=\"WhatsApp Image 2026-03-21 at 10.06.07 (8)\" data-e-action-hash=\"#elementor-action%3Aaction%3Dlightbox%26settings%3DeyJpZCI6MjY5OCwidXJsIjoiaHR0cHM6XC9cL25hdmlnYXRpLmV1XC93cC1jb250ZW50XC91cGxvYWRzXC8yMDI2XC8wM1wvV2hhdHNBcHAtSW1hZ2UtMjAyNi0wMy0yMS1hdC0xMC4wNi4wNy04LndlYnAiLCJzbGlkZXNob3ciOiIxOGE4MmZmIn0%3D\" href='https:\/\/navigati.eu\/wp-content\/uploads\/2026\/03\/WhatsApp-Image-2026-03-21-at-10.06.07-8.webp'><img loading=\"lazy\" decoding=\"async\" width=\"150\" height=\"150\" src=\"https:\/\/navigati.eu\/wp-content\/uploads\/2026\/03\/WhatsApp-Image-2026-03-21-at-10.06.07-8-150x150.webp\" class=\"attachment-thumbnail size-thumbnail\" alt=\"\" \/><\/a>\n\t\t\t<\/div><\/figure><figure class='gallery-item'>\n\t\t\t<div class='gallery-icon landscape'>\n\t\t\t\t<a data-elementor-open-lightbox=\"yes\" data-elementor-lightbox-slideshow=\"18a82ff\" data-elementor-lightbox-title=\"WhatsApp Image 2026-03-21 at 10.06.07 (9)\" data-e-action-hash=\"#elementor-action%3Aaction%3Dlightbox%26settings%3DeyJpZCI6MjY5OSwidXJsIjoiaHR0cHM6XC9cL25hdmlnYXRpLmV1XC93cC1jb250ZW50XC91cGxvYWRzXC8yMDI2XC8wM1wvV2hhdHNBcHAtSW1hZ2UtMjAyNi0wMy0yMS1hdC0xMC4wNi4wNy05LndlYnAiLCJzbGlkZXNob3ciOiIxOGE4MmZmIn0%3D\" href='https:\/\/navigati.eu\/wp-content\/uploads\/2026\/03\/WhatsApp-Image-2026-03-21-at-10.06.07-9.webp'><img loading=\"lazy\" decoding=\"async\" width=\"150\" height=\"150\" src=\"https:\/\/navigati.eu\/wp-content\/uploads\/2026\/03\/WhatsApp-Image-2026-03-21-at-10.06.07-9-150x150.webp\" class=\"attachment-thumbnail size-thumbnail\" alt=\"\" \/><\/a>\n\t\t\t<\/div><\/figure>\n\t\t<\/div>\n\t\t<\/div>\n\t\t\t\t\t\t<\/div>\n\t\t\t\t<\/div>\n\t\t\t\t<div class=\"elementor-element elementor-element-1da28d5 elementor-widget elementor-widget-heading\" data-id=\"1da28d5\" data-element_type=\"widget\" data-e-type=\"widget\" data-widget_type=\"heading.default\">\n\t\t\t\t\t<h2 class=\"elementor-heading-title elementor-size-default\">Promo Video <\/h2>\t\t\t\t<\/div>\n\t\t\t\t<div class=\"elementor-element elementor-element-2bfb586 elementor-widget-divider--view-line elementor-widget elementor-widget-divider\" data-id=\"2bfb586\" data-element_type=\"widget\" data-e-type=\"widget\" data-widget_type=\"divider.default\">\n\t\t\t\t\t\t\t<div class=\"elementor-divider\">\n\t\t\t<span class=\"elementor-divider-separator\">\n\t\t\t\t\t\t<\/span>\n\t\t<\/div>\n\t\t\t\t\t\t<\/div>\n\t\t\t\t<div class=\"elementor-element elementor-element-de169b1 elementor-widget elementor-widget-video\" data-id=\"de169b1\" data-element_type=\"widget\" data-e-type=\"widget\" data-settings=\"{&quot;youtube_url&quot;:&quot;https:\\\/\\\/youtu.be\\\/aPVTLX9d8Y0&quot;,&quot;video_type&quot;:&quot;youtube&quot;,&quot;controls&quot;:&quot;yes&quot;}\" data-widget_type=\"video.default\">\n\t\t\t\t\t\t\t<div class=\"elementor-wrapper elementor-open-inline\">\n\t\t\t<div class=\"elementor-video\"><\/div>\t\t<\/div>\n\t\t\t\t\t\t<\/div>\n\t\t\t\t<div class=\"elementor-element elementor-element-a0475d8 elementor-widget-divider--view-line elementor-widget elementor-widget-divider\" data-id=\"a0475d8\" data-element_type=\"widget\" data-e-type=\"widget\" data-widget_type=\"divider.default\">\n\t\t\t\t\t\t\t<div class=\"elementor-divider\">\n\t\t\t<span class=\"elementor-divider-separator\">\n\t\t\t\t\t\t<\/span>\n\t\t<\/div>\n\t\t\t\t\t\t<\/div>\n\t\t\t\t<div class=\"elementor-element elementor-element-413f675 elementor-widget elementor-widget-spacer\" data-id=\"413f675\" data-element_type=\"widget\" data-e-type=\"widget\" data-widget_type=\"spacer.default\">\n\t\t\t\t\t\t\t<div class=\"elementor-spacer\">\n\t\t\t<div class=\"elementor-spacer-inner\"><\/div>\n\t\t<\/div>\n\t\t\t\t\t\t<\/div>\n\t\t\t\t<div class=\"elementor-element elementor-element-bc8b620 elementor-widget elementor-widget-heading\" data-id=\"bc8b620\" data-element_type=\"widget\" data-e-type=\"widget\" data-widget_type=\"heading.default\">\n\t\t\t\t\t<h2 class=\"elementor-heading-title elementor-size-default\">RIB San giorgio <\/h2>\t\t\t\t<\/div>\n\t\t\t\t<div class=\"elementor-element elementor-element-5ed9092 elementor-widget-divider--view-line elementor-widget elementor-widget-divider\" data-id=\"5ed9092\" data-element_type=\"widget\" data-e-type=\"widget\" data-widget_type=\"divider.default\">\n\t\t\t\t\t\t\t<div class=\"elementor-divider\">\n\t\t\t<span class=\"elementor-divider-separator\">\n\t\t\t\t\t\t<\/span>\n\t\t<\/div>\n\t\t\t\t\t\t<\/div>\n\t\t\t\t\t<\/div>\n\t\t\t\t<\/div>\n\t\t<div class=\"elementor-element elementor-element-4516d29 e-grid e-con-boxed e-con e-parent\" data-id=\"4516d29\" data-element_type=\"container\" data-e-type=\"container\">\n\t\t\t\t\t<div class=\"e-con-inner\">\n\t\t\t\t<div class=\"elementor-element elementor-element-e94dd55 elementor-widget elementor-widget-text-editor\" data-id=\"e94dd55\" data-element_type=\"widget\" data-e-type=\"widget\" data-widget_type=\"text-editor.default\">\n\t\t\t\t\t\t\t\t\t<p>Lorem ipsum dolor sit amet, consectetur adipiscing elit. Ut elit tellus, luctus nec ullamcorper mattis, pulvinar dapibus leo.<\/p>\t\t\t\t\t\t\t\t<\/div>\n\t\t\t\t<div class=\"elementor-element elementor-element-34af813 elementor-widget elementor-widget-image\" data-id=\"34af813\" data-element_type=\"widget\" data-e-type=\"widget\" data-widget_type=\"image.default\">\n\t\t\t\t\t\t\t\t\t\t\t\t\t\t\t<img decoding=\"async\" src=\"https:\/\/navigati.eu\/wp-content\/plugins\/elementor\/assets\/images\/placeholder.png\" title=\"\" alt=\"\" loading=\"lazy\" \/>\t\t\t\t\t\t\t\t\t\t\t\t\t\t\t<\/div>\n\t\t\t\t<div class=\"elementor-element elementor-element-d131c92 elementor-widget elementor-widget-text-editor\" data-id=\"d131c92\" data-element_type=\"widget\" data-e-type=\"widget\" data-widget_type=\"text-editor.default\">\n\t\t\t\t\t\t\t\t\t<p>Lorem ipsum dolor sit amet, consectetur adipiscing elit. Ut elit tellus, luctus nec ullamcorper mattis, pulvinar dapibus leo.<\/p>\t\t\t\t\t\t\t\t<\/div>\n\t\t\t\t\t<\/div>\n\t\t\t\t<\/div>\n\t\t\t\t<\/div>\n\t\t","protected":false},"excerpt":{"rendered":"<p>Best boat is a RIB boat Lorem ipsum dolor sit amet, consectetur adipiscing elit. Ut elit tellus, luctus nec ullamcorper mattis, pulvinar dapibus leo. RIB Longa RIB Boat &#8211; 8 meters, perfect for daily trips and having fun RIB San Giorgio RIB Boat &#8211; 9 meters, not even big waves can do something to this&#8230;<\/p>\n","protected":false},"author":1,"featured_media":2285,"parent":0,"menu_order":0,"comment_status":"closed","ping_status":"closed","template":"","meta":{"_loi_post_transparent":"","_loi_post_title":"","_loi_post_layout":"","_loi_post_sidebar_id":"","_loi_post_content_style":"unboxed","_loi_post_vertical_padding":"","_loi_post_feature":"","_loi_post_feature_position":"","_loi_post_header":false,"_loi_post_footer":false,"footnotes":""},"class_list":["post-445","page","type-page","status-publish","has-post-thumbnail","hentry"],"_links":{"self":[{"href":"https:\/\/navigati.eu\/index.php\/wp-json\/wp\/v2\/pages\/445","targetHints":{"allow":["GET"]}}],"collection":[{"href":"https:\/\/navigati.eu\/index.php\/wp-json\/wp\/v2\/pages"}],"about":[{"href":"https:\/\/navigati.eu\/index.php\/wp-json\/wp\/v2\/types\/page"}],"author":[{"embeddable":true,"href":"https:\/\/navigati.eu\/index.php\/wp-json\/wp\/v2\/users\/1"}],"replies":[{"embeddable":true,"href":"https:\/\/navigati.eu\/index.php\/wp-json\/wp\/v2\/comments?post=445"}],"version-history":[{"count":8,"href":"https:\/\/navigati.eu\/index.php\/wp-json\/wp\/v2\/pages\/445\/revisions"}],"predecessor-version":[{"id":2712,"href":"https:\/\/navigati.eu\/index.php\/wp-json\/wp\/v2\/pages\/445\/revisions\/2712"}],"wp:featuredmedia":[{"embeddable":true,"href":"https:\/\/navigati.eu\/index.php\/wp-json\/wp\/v2\/media\/2285"}],"wp:attachment":[{"href":"https:\/\/navigati.eu\/index.php\/wp-json\/wp\/v2\/media?parent=445"}],"curies":[{"name":"wp","href":"https:\/\/api.w.org\/{rel}","templated":true}]}}